Suppose 5*m + 17 = 3*f, -3*f = 2*f + 4*m + 21. Let v(u) = u**2 + 2*u**2 - 8*u + 10*u + 1. Determine v(f).
2
Let h be 3 + (-2)/(-2) + -1. Let b(g) be the second derivative of -g**4/12 - g**3/3 + 2*g**2 - 5*g. Give b(h).
-11
Suppose 0 = 5*y - 2*y - 12. Let q(k) be the third derivative of -k**4/24 - k**3/3 + k**2. What is q(y)?
-6
Let o = 19 - 13. Let i(p) = 3*p - 29. Let r(y) = 2*y - 19. Let x(f) = -5*i(f) + 8*r(f). Determine x(o).
-1
Let l(q) = 4*q - 9. Let g(w) = 2*w - 4. Let y(s) = -5*g(s) + 2*l(s). Give y(2).
-2
Let u be (-2)/13 + 432/104. Let f(z) = -u + 2 + 2*z**2 - 3*z**2. Calculate f(2).
-6
Let u(d) = -d**2 + 1. Let z(t) = -3*t**2 - 2*t + 7. Let r(c) = -2*u(c) + z(c). Calculate r(-6).
-19
Suppose -15 + 0 = 3*h. Let y(m) be the second derivative of -6*m + 1/12*m**4 - 5/2*m**2 + 0 + 5/6*m**3. Calculate y(h).
-5
Let a(y) = 5*y**2 + 2*y + 1. Let w be (-1)/(2 - (-2 + 3))*1. Give a(w).
4
Let y = 9 - 7. Let k(o) = -1 + o + y*o + 0 - 2*o. Determine k(1).
0
Let y(n) = -n**2 + 2*n + 3*n**2 + 1 - 1. Let q(m) = 6*m**2 + 6*m + 1. Let o(f) = -3*q(f) + 8*y(f). Determine o(-2).
-7
Let a = 16 + -17. Let i(c) = c**2 + 3*c + 1. Give i(a).
-1
Let o be ((-4)/(-5))/(6/15). Suppose -16 = 2*c - 6*c. Let t(s) = s - c*s**o + s - s. Calculate t(-1).
-5
Let h(z) = -z**2 + z + 4. Let u = 20 - 15. Suppose m + l = 0, 0*m = 2*m + u*l. What is h(m)?
4
Let m(t) = -t + 1. Suppose 0 = -3*s - 5*h - 25, 4*s + 4*h + 29 = 1. Let r(i) = -4*i + 2. Let l(z) = s*m(z) + r(z). Give l(5).
2
Suppose 0 = -4*g + 5*g. Let r = g - -4. Let s(c) = c**2 - 3*c - 3. Calculate s(r).
1
Let g(u) = -u + 2*u + u**3 - 113 - 3*u**2 + 112. Calculate g(2).
-3
Let w(o) = 2*o - 2. Let i be w(2). Let r(j) = -7*j + 3. Let a(x) = -8*x + 3. Let y(d) = 5*a(d) - 6*r(d). Calculate y(i).
1
Let a be (-3 - (-2)/1)/(-1). Let z(t) = t**3 - t**2 - t + 1. Let g(u) = -3*u**3 - 5*u**2 - u + 2. Let h(j) = g(j) - 3*z(j). Calculate h(a).
-7
Let a(p) = -p + 1. Let x be (-2)/((-1)/(-2)*2/(-3)). Determine a(x).
-5
Let p(m) = m**3 - m + 13. Let y = -44 + 44. Determine p(y).
13
Suppose -h = -4*h + 9. Let t(d) = 2*d - 4. What is t(h)?
2
Let r(i) be the first derivative of -5*i**2/2 - 2*i - 6. Calculate r(2).
-12
Let y(x) = 2*x - 8. Let z be y(6). Suppose 2*w + 2*w = -4*r + 20, 2*r - z*w = -8. Let l(v) = v**3 - 3*v**2 - 2*v + 2. What is l(r)?
-6
Let y(t) = -9*t**3 + 6*t**2 - 1. Let m(i) be the second derivative of i**5/2 - 7*i**4/12 + i**2/2 + 6*i. Let v = -5 - 1. Let l(p) = v*m(p) - 7*y(p). Give l(-1).
-2
Let x(g) = -4*g. Let i(q) = -q**2 - 4*q + 4. Let v be i(-4). Determine x(v).
-16
Let u(h) be the first derivative of -h**3/3 - 7*h**2/2 - 4*h - 1. Let k(w) = -4*w - 1. Let t be k(-1). Let j(z) = -z. Let a be j(t). Determine u(a).
8
Let f(r) be the third derivative of r**6/120 - r**5/60 + r**3/6 - 2*r**2. Suppose -u + 3*d - 1 = 0, -5*u + 19 = -2*u + 2*d. Let t = 6 - u. What is f(t)?
1
Let d(y) = y**3 - 5*y**2 - 5*y + 1. Suppose -4 = -x - 5*c + 12, -5*x = -3*c - 24. Determine d(x).
7
Let f(a) = -a**3 - 2*a**2 - 3*a - 2. Suppose -2*i + 6*i = -8, d - 2*i = 14. Let t be 40/(-16)*8/d. Determine f(t).
4
Let n(p) be the second derivative of p**3/3 - p**2/2 - 13*p. Give n(2).
3
Let t(v) be the third derivative of -v**5/60 + v**4/4 - v**3 - 6*v**2. What is t(7)?
-13
Let t = 4 + -3. Let b(d) = 26*d - 14*d - 4*d - 9*d. What is b(t)?
-1
Let q(f) = -f**2 - f + 4. Let j be (-3)/(-2) - 33/6. Give q(j).
-8
Let v(y) = -6*y - 1. Let p be v(-1). Let z(r) = r - 11. What is z(p)?
-6
Let b(s) be the first derivative of 3*s**2/2 + 3*s + 15. Suppose -6 = 5*k - 16. Let l = -5 + k. What is b(l)?
-6
Suppose j + j = 2*x, 3 = 2*j - 3*x. Let b be 0 + 3/(j/(-5)). Let m = 4 - b. Let w(k) = 4*k + 1. Determine w(m).
-3
Let m(v) = -v**2 + 5*v. Let o(a) = -2*a**2 + 14*a - 1. Let f(z) = -8*m(z) + 3*o(z). Let l be (-1 + 1)/(9/3) - 3. Determine f(l).
9
Let s(m) = -m**2 - 3*m + 3. Suppose 9 = -a + 3*r, 3*a + 5*r + 0 = -83. Let h = a - -18. Determine s(h).
3
Suppose -4 = j - 2. Let p = 3 + j. Let w(g) = 0*g**3 - 4*g - g**3 - 2*g**2 + p + 2*g**3. Calculate w(3).
-2
Let x(g) be the third derivative of 0 - 3*g**2 + 0*g - 1/8*g**4 + 1/6*g**3. Calculate x(3).
-8
Let m = -6 + 8. Let k(u) = 4*u + 3*u**2 + 1 - 10*u**2 + 6*u**m. Determine k(2).
5
Let q(c) = 11*c**2 - 5*c + 3. Let d(b) = -5*b**2 + 2*b - 1. Let j(h) = 5*d(h) + 2*q(h). Give j(1).
-2
Let y(s) = s**3 + s**2 - 5*s - 3. Let i(q) be the first derivative of q**2/2 - 12*q + 1. Let k be i(9). Determine y(k).
-6
Let b(n) = -131 + 6*n**2 - 2*n + n**3 + 133 - 2*n**3. Calculate b(5).
17
Let d(z) = 6*z - z**3 - 4*z**2 + 5 + 1 + 5 - 4. Calculate d(-5).
2
Let c(x) = x**2 - 7*x + 2. Let v be 2 + 3 - (5 - 6). Let o be c(v). Let w(s) = 4*s + 4. What is w(o)?
-12
Let u(t) = t + 10. Let o be u(-8). Let p(v) = -2*v - 5 + 3*v**2 + 2 + o. Let s = -4 + 6. Calculate p(s).
7
Let n(b) = -b**3 - 5*b**2 + b + 2. Let s(d) = -d**3 + 7*d**2 - 2*d + 9. Let p be (-2)/10 + (-72)/(-10). Let g be s(p). What is n(g)?
-3
Suppose 0 = 3*p + r - 53 - 40, -5*p - 5*r = -145. Suppose -p - 48 = -5*c. Suppose c*m = 11*m - 20. Let f(h) = h**2 + 3*h + 5. What is f(m)?
9
Let j(c) = c**3 - 7*c**2 + 7*c + 1. Suppose -60*k + 62*k = 12. Calculate j(k).
7
Let m = -41 - -39. Let s(w) = 7*w + 3. Determine s(m).
-11
Let r(q) = -q**2 - q. Let i = 12 - 13. Give r(i).
0
Let i(g) = g - 4. Let y(z) = -2*z - 3. Let f be y(-4). Let c be i(f). Let n(r) be the third derivative of r**6/40 + r**5/30 - r**4/24 + r**2. Calculate n(c).
4
Let z(a) = a**2 - 4*a - 1. Let f be 1 + -2 - 1*4. Let v(h) be the third derivative of h**4/12 + h**3/6 - 2*h**2. Let p(d) = f*v(d) - 2*z(d). Give p(-2).
-7
Let x(n) = n + 5. Suppose 3*o - 2*u + 2 = 0, -3*u + 36 - 14 = 5*o. Let d be 3*2*4/o. Let f be (-8)/d - 4/(-6). What is x(f)?
5
Let l(z) = -z**2 - 8*z - 9. Let c = -6 - 1. Determine l(c).
-2
Let f(j) be the third derivative of j**4/24 + 2*j**3/3 - j**2. Suppose 2 = -0*l + l + y, y + 13 = 2*l. Let d = 0 + l. Determine f(d).
9
Let o(m) = -13*m - 1. Let p be (-4)/((-3)/(9/6)). Suppose p*z = 3*z + 1. Give o(z).
12
Let a(k) = -2*k + 9. Let z(q) = 2*q - 10. Let p(r) = -3*a(r) - 2*z(r). Determine p(5).
3
Let f = -12 - -1. Let p be 2/f + (-4)/(-22). Let u(w) = -2 + 2 - w. Give u(p).
0
Suppose 4*q + 24 = 2*b, 4*b = -3*q - 1 - 6. Let d(r) = -r**3 - 5*r**2 + 2*r + 5. Calculate d(q).
-5
Let t(o) = o + 3. Let r(i) = 7*i + 4. Let l(x) = x + 1. Let f be ((-3)/(-9))/(2/(-6)). Let j(g) = f*r(g) + 5*l(g). Let q be j(3). Calculate t(q).
-2
Suppose 0*n - 3*n = 0, q = -5*n - 1. Let w(f) = f - 3. Let b be w(5). Let g(u) = 2 + u + 0 - 1 + 3*u**b. Determine g(q).
3
Suppose f + 5 + 11 = 4*i, 3*f + 3*i = 12. Let t(h) = -2 - h + 0 + 0 + f. Calculate t(-5).
3
Let a(h) be the first derivative of h**2/2 + 3*h + 3. Let r be a(0). Let l(t) = -t**2 + 2*t - 1. Let w(z) = z - 1. Let f(g) = r*w(g) - l(g). Determine f(-2).
0
Suppose -y - 11 + 2 = -4*s, 2*y = -5*s - 5. Let x(k) = k**3 + 6*k**2 + 2*k - 6. What is x(y)?
9
Let z(l) = 7*l**2 + 5*l. Let q(i) = -6*i**2 - 5*i. Let a(d) = 6*q(d) + 5*z(d). Let o(c) = c + 20. Let b be o(-11). Suppose -2*j - b = -3. Calculate a(j).
6
Let p(c) = -c**2 - 2*c. Let g(j) = 2*j**2 + 3*j + 1. Let b(y) = 2*g(y) + 5*p(y). What is b(-5)?
-3
Let i(x) be the second derivative of 2*x**3/3 - x**2/2 + 3*x. Give i(-1).
-5
Let n(a) = -4*a + a + 2*a. Let c = 11 + -8. What is n(c)?
-3
Let v = -6 - -1. Let o(f) = 3*f + 4. Let s(x) = 7*x + 8. Let w(u) = v*o(u) + 2*s(u). Calculate w(-5).
1
Suppose -d - d = 0. Let k(q) be the first derivative of -q**3/3 - q**2/2 + 4*q - 15. Determine k(d).
4
Let s(t) = -1 + 7*t + 2 + 4*t - 7*t. Suppose -2*o = j + 9, -3*o + 8*o + 17 = 3*j. What is s(j)?
-3
Let m(h) be the second derivative of -h**6/360 - h**5/120 + h**3/2 + h. Let b(z) be the second derivative of m(z). Determine b(-2).
-2
Let r(n) = -n**2 - 8*n - 2. Let j(b) = -7*b + 2. Let v(x) = x - 1. Let d(t) = -j(t) - 4*v(t). Let f be d(-2). Give r(f).
14
Let p(o) be the second derivative of o**4/12 - 2*o**3/3 + o**2/2 + o. Let n(q) = q**3 + 5*q**2 + 3*q - 1. Let y be n(-4). Calculate p(y).
-2
Let a(f) be the second derivative of -2/3*f**3 + 8*f + 1/12*f**4 + 0 + 1/2*f**2. Determine a(5).
6
Let c = 3 + 3. Let r(u) = u**3 - 6*u**2 - u + 7. Let l be r(c). Let k(t) = t - t + t**3 - l + 5*t**2 + 6*t - t. Determine k(-4).
-5
Suppose